 remainder when i is divided by 8?
7
Let q(f) = -f. Let h be q(-2). Suppose -s = -2*k - 19, -5*s + 155 = 7*k - h*k. Calculate the remainder when s is divided by 15.
12
Let q be 1/(4 - (4 + 1)). Let v = 10 - q. What is the remainder when 41 is divided by v?
8
Suppose -b + 195 = 2*b. Suppose -z + 65 - 15 = -4*x, -x = 2*z - 64. Calculate the remainder when b is divided by z.
31
Suppose -3*m - 18 = -72. Let h(l) = -9*l - 46. What is the remainder when h(-11) is divided by m?
17
Suppose 0 = q - 4 - 3. What is the remainder when (26/4)/(2/4) is divided by q?
6
Let s(z) = -z**2 - 8*z - 7. Let p be s(-6). Suppose -p*d = r - 17, 4*d = -3*r + 2*r + 16. Calculate the remainder when 1/((0 + -2)/(-70)) is divided by r.
11
Suppose -3*v + 5*j + 153 = 0, 3*j + 101 = 2*v - 0*v. Let c = 3 + 13. What is the remainder when v is divided by c?
14
What is the remainder when 30 is divided by 36/30*40/6?
6
Suppose -4*k = -k - 30. What is the remainder when k is divided by 4?
2
Let q = -1 + 3. Suppose q*u - 28 - 12 = 0. What is the remainder when 38 is divided by u?
18
Suppose 6*q - 24 = 4*q. Calculate the remainder when 58 is divided by q.
10
Let d = 129 + -89. Suppose 3*v = d - 13. What is the remainder when v is divided by 3?
0
Let a(p) = -2*p**2 - 2*p + 2. Let v(t) = -t**2 - 1. Let c(m) = -a(m) - 3*v(m). Calculate the remainder when c(2) is divided by 14.
11
What is the remainder when (-2)/(-4)*(-1 + 139) is divided by 14?
13
Let d be (-2 + 4)/(0 + -1). Let q be (-2)/(-4) + 1/d. Suppose -3*g - p + 17 = q, 2 = g + g - 4*p. Calculate the remainder when g is divided by 2.
1
Let g(x) = -3*x - 7. Let r(s) = -s**3 + 9*s**2 - 4*s - 6. Suppose -27 = -3*v - 3. What is the remainder when r(v) is divided by g(-7)?
12
Suppose 48 = 2*g + 16. Let p = -24 - -54. Calculate the remainder when p is divided by g.
14
Let f(t) = -t**3 + 4*t**2 + 5*t - 4. What is the remainder when 48 is divided by f(3)?
8
What is the remainder when (-583)/(-7) + (-56)/196 is divided by 17?
15
Let o be 2/6 + (-15)/(-9). Suppose 14 = 2*g + 3*s, g - o*s - 25 = s. What is the remainder when 49 is divided by g?
10
What is the remainder when 12/(-24) + (-234)/(-4) is divided by 10?
8
Suppose -2*y = 3*y. Suppose y*z + 2*z = 52. Suppose -56 = -4*f - 3*x, 0 = 3*x - x. What is the remainder when z is divided by f?
12
Let d = 120 + -102. What is the remainder when 124 is divided by d?
16
Let i = 11 - 6. Suppose 0 = -2*w + 3*c + 30, 3*w + c = i*c + 46. What is the remainder when 53 is divided by w?
17
Suppose 5*m + 3*r = 34, -3*r + 6 = -3. Suppose 4*w = 5*j - 1, -m*w - j = -6 - 29. Calculate the remainder when 17 is divided by w.
5
Let j(p) = 32*p**2 + 1. Let u = 4 - 2. What is the remainder when j(1) is divided by (u + -5)*(-17)/3?
16
Suppose 2*a + a = 57. Let p(f) = -f**2 - 14*f + 12. Let v = -19 - -7. What is the remainder when p(v) is divided by a?
17
What is the remainder when 47 is divided by (-4)/2*(-12 + -2)?
19
Let i be 2/11 + 228/(-44). Let j = i + 20. Calculate the remainder when j is divided by 8.
7
Let j = 3 + -3. Let h(p) = 8*p**2 + 2*p - 6 + 6 + j. Calculate the remainder when h(-2) is divided by 10.
8
Let c = -5 + 5. Suppose 4*f + 5*p - p - 112 = c, p + 102 = 4*f. What is the remainder when f is divided by ((-9)/(-2))/3*6?
8
Calculate the remainder when 106 is divided by 31 + -3 + 3/(-3).
25
Let v = -2 - 3. Let r = v - -1. What is the remainder when 46 is divided by 32/(-12)*18/r?
10
Suppose -5*m + 3*i = -94, -22*i - 72 = -4*m - 18*i. What is the remainder when m is divided by 9?
2
Suppose -4*w = -w - 27. What is the remainder when 15 is divided by w?
6
What is the remainder when 78 is divided by 1 - (-2 - (-17)/(-1))?
18
Suppose -4*i + b = -2*b - 11, -3*i + b = -12. Suppose i*l - 4*p = -5, 16 + 8 = 3*l + 3*p. Calculate the remainder when 38 + -3 + -1 + l is divided by 19.
18
Suppose -4 = -2*d + d. Let w be 88/(-6) - (-3)/(-9). Let f = 22 + w. Calculate the remainder when f is divided by d.
3
Let s = 59 + -40. Let w(b) = b**3 - 25*b**2 - 2*b + 57. Calculate the remainder when s is divided by w(25).
5
Suppose -3*d - 4*i = -104 + 37, -4*d + 108 = -4*i. Suppose 7 = -2*j + d. Calculate the remainder when 33 is divided by j.
6
Let d = -58 + 106. Calculate the remainder when d is divided by 25.
23
Suppose -3*s - s + 208 = 0. Let q be 7*(0 - (-90)/21). Suppose -q = -4*x + 42. What is the remainder when s is divided by x?
16
Suppose -2*u = -3*f + 3 + 64, -2*f = 2*u - 58. Let m = f - 18. What is the remainder when 10 is divided by (1 + m)*(-9)/(-12)?
4
Let f(g) = -5*g**2 - 3*g + 8. Let p(c) = -4*c**2 - 2*c + 8. Let w(b) = 3*f(b) - 4*p(b). What is the remainder when 65 is divided by w(6)?
21
Suppose 0 = -48*m + 45*m + 87. Calculate the remainder when 144 is divided by m.
28
Suppose 0 = -4*x + 342 + 58. Suppose -4*q - q = -x. Suppose -q = -2*t + 20. What is the remainder when t is divided by 7?
6
Suppose 0 = 2*g + 4, 4*t + g - 148 = 6. Calculate the remainder when t is divided by (-128)/(-9) + (-2)/9.
11
Let c = -23 - -36. What is the remainder when 48 is divided by c?
9
Suppose -9*l = l - 1370. What is the remainder when l is divided by 20?
17
Suppose w = -5, 2*g + 0*w - 16 = -4*w. Suppose -2*y + 0*y + 104 = 0. What is the remainder when y is divided by g?
16
Suppose 3*r - 8*r + 5*f + 10 = 0, 24 = 4*r + 4*f. What is the remainder when (-20)/15*-22*(-15)/(-40) is divided by r?
3
Let b be (-2)/(-9) + (-215)/(-45). Suppose p = -b*i + 31, -27 = -p - 2*i - 2*i. Calculate the remainder when ((-4)/(-6))/((-6)/(-279)) is divided by p.
9
Suppose -2*i + 0*i + 4 = 0, -i = 5*g - 32. Calculate the remainder when 29 is divided by g.
5
Suppose n = 4*g + 2*n - 84, 0 = 4*g - 4*n - 104. What is the remainder when 109 is divided by g?
21
Let x = 14 - 9. Suppose -r - 2*w + 2 = 0, -4 - 10 = -4*r - 2*w. Suppose r*z = -x*a - 0*a + 73, 3*a - 3 = 0. What is the remainder when z is divided by 6?
5
Suppose -2*p + 5*g + 105 = 0, -2*g + 6*g + 51 = p. Suppose -3*n - 2*n + p = 0. Let i = 11 - 7. What is the remainder when n is divided by i?
3
Suppose -3*o + 0*o + 3*a + 60 = 0, 3*o + 3*a - 72 = 0. Calculate the remainder when 42 is divided by o.
20
Suppose 2*j + 6 = -3*r, 0*j - 5*r = -j + 23. Let x(q) = -46*q - 172. Calculate the remainder when x(-4) is divided by j.
0
Let r(k) be the first derivative of k**2/2 + 11*k + 2. Let y be r(-9). Calculate the remainder when 19 - (-3)/(6/y) is divided by 11.
9
Let h be 2 - ((1 - 1) + 0). Suppose 13 + 3 = h*y. Calculate the remainder when (-138)/(-6) + 1 + -1 is divided by y.
7
Let l(j) = j**2 + 7*j - 18. Calculate the remainder when 94 is divided by l(-11).
16
Let z = -5 + 0. Let r = 22 + z. Let u(t) = 6*t - 3. Calculate the remainder when r is divided by u(2).
8
Let p(a) = 3*a**2 - 5*a - 4. Suppose 2*q - 63 + 7 = -5*f, -4*f + q + 50 = 0. What is the remainder when p(5) is divided by f?
10
Let f(w) = 3*w**3 - 2*w**2 + 2. Let h be f(2). Suppose u - 2*u = -5*l + h, -2 = 2*l - 5*u. What is the remainder when 15 is divided by l?
3
Suppose 5 - 1 = -4*z. What is the remainder when (-1 - -2) + (9 - z) is divided by 7?
4
Suppose -7*s + 63 = -4*s. Let y = 60 - s. Calculate the remainder when y is divided by 14.
11
Suppose -4*j - 85 = -9*j. Suppose n - j = -0*n. Suppose -3 = l - n. Calculate the remainder when l is divided by 4.
2
Suppose 2*i + 15 = 5*i. Suppose 0 = -4*b - 2*c + 66 - 4, -3*b + i*c = -27. What is the remainder when (-1)/3*1 - (-372)/9 is divided by b?
13
Let k(g) = -4*g + 11. Let u be ((-5)/(-10))/(1/(-14)). What is the remainder when k(u) is divided by 10?
9
Let o = -17 + 6. What is the remainder when 38 is divided by (-4)/(-2) - o/1?
12
Let j(l) = -2*l**2 - 3*l - 6. Let u(q) = -2*q**2 - 4*q - 7. Let w(n) = -7*j(n) + 6*u(n). Calculate the remainder when 4 is divided by w(2).
0
What is the remainder when (-2*(6 + 13))/(-2) is divided by 11?
8
Let f = 32 + -20. Let l = 276 + -254. What is the remainder when l is divided by f?
10
Suppose -z - 2*z = -18. Calculate the remainder when 1/z + 213/18 is divided by 7.
5
Suppose -5*n + 4 = -26. Let a(f) = -f + 5. Let x be (8/16)/(1/(-20)). What is the remainder when a(x) is divided by n?
3
Let g(c) = -c**2 + 9*c - 9. Calculate the remainder when 26 is divided by g(6).
8
Let t(z) = -3*z**3 + 4*z**2 + 4*z - 7. What is the remainder when t(-3) is di